{"id":3931,"date":"2021-04-07T11:10:18","date_gmt":"2021-04-07T09:10:18","guid":{"rendered":"https:\/\/salaspilsdraudze.lv\/?page_id=3931"},"modified":"2021-04-07T11:10:19","modified_gmt":"2021-04-07T09:10:19","slug":"slimnieku-sakraments","status":"publish","type":"page","link":"https:\/\/salaspilsdraudze.lv\/?page_id=3931","title":{"rendered":"Slimnieku sakraments"},"content":{"rendered":"\n<p>Ja k\u0101ds no j\u016bsu tuviniekiem ir smagi saslimis, tad aiciniet priesteri, lai slimnieks caur slimnieku sakramentu var\u0113tu sa\u0146emt nepiecie\u0161am\u0101s Dieva \u017e\u0113last\u012bbas. <strong>Neatlieciet to uz v\u0113l\u0101ku laiku<\/strong>, jo, esot smagi slimiem, vesel\u012bbas st\u0101voklis var neparedz\u0113ti \u0101tri pasliktin\u0101ties t\u0101, ka sa\u0146emt sakramentus k\u013c\u016bst sare\u017e\u0123\u012bti.<\/p>\n","protected":false},"excerpt":{"rendered":"<p>Ja k\u0101ds no j\u016bsu tuviniekiem ir smagi saslimis, tad aiciniet priesteri, lai slimnieks caur slimnieku sakramentu var\u0113tu sa\u0146emt nepiecie\u0161am\u0101s Dieva \u017e\u0113last\u012bbas. Neatlieciet to uz v\u0113l\u0101ku laiku, jo, esot smagi slimiem, vesel\u012bbas st\u0101voklis var neparedz\u0113ti \u0101tri pasliktin\u0101ties t\u0101, ka sa\u0146emt sakramentus k\u013c\u016bst sare\u017e\u0123\u012bti.<\/p>\n","protected":false},"author":1,"featured_media":0,"parent":0,"menu_order":0,"comment_status":"closed","ping_status":"closed","template":"","meta":{"ngg_post_thumbnail":0,"footnotes":""},"class_list":["post-3931","page","type-page","status-publish","hentry"],"_links":{"self":[{"href":"https:\/\/salaspilsdraudze.lv\/index.php?rest_route=\/wp\/v2\/pages\/3931","targetHints":{"allow":["GET"]}}],"collection":[{"href":"https:\/\/salaspilsdraudze.lv\/index.php?rest_route=\/wp\/v2\/pages"}],"about":[{"href":"https:\/\/salaspilsdraudze.lv\/index.php?rest_route=\/wp\/v2\/types\/page"}],"author":[{"embeddable":true,"href":"https:\/\/salaspilsdraudze.lv\/index.php?rest_route=\/wp\/v2\/users\/1"}],"replies":[{"embeddable":true,"href":"https:\/\/salaspilsdraudze.lv\/index.php?rest_route=%2Fwp%2Fv2%2Fcomments&post=3931"}],"version-history":[{"count":1,"href":"https:\/\/salaspilsdraudze.lv\/index.php?rest_route=\/wp\/v2\/pages\/3931\/revisions"}],"predecessor-version":[{"id":3932,"href":"https:\/\/salaspilsdraudze.lv\/index.php?rest_route=\/wp\/v2\/pages\/3931\/revisions\/3932"}],"wp:attachment":[{"href":"https:\/\/salaspilsdraudze.lv\/index.php?rest_route=%2Fwp%2Fv2%2Fmedia&parent=3931"}],"curies":[{"name":"wp","href":"https:\/\/api.w.org\/{rel}","templated":true}]}}